e 3*f - 89 - 181 = 0. What is the greatest common divisor of c and f?
18
Let l = 82 + -42. Suppose 10*z = -l + 100. Let c = 43 + -25. What is the greatest common divisor of z and c?
6
Suppose -2*w + 4 = 0, s + 2*w + 33 = 2*s. Let i(y) = -y**3 + 9*y**2 + 42*y - 9. Let b be i(-3). Let q = s + b. What is the highest common divisor of q and 80?
10
Let o = -449 + 482. What is the greatest common divisor of 88 and o?
11
Let d be 18 + (-37)/(37/(-60)). Calculate the greatest common divisor of 48 and d.
6
Let f(l) be the third derivative of 7*l**5/30 - 5*l**4/24 - 55*l**3/3 + l**2 + 18*l. Let h be f(-6). What is the greatest common divisor of h and 8?
8
Let d be (-8)/12 + 64/24. Suppose 3*g + 4*l - 547 = 0, -2*g + 376 = -5*l + d*l. What is the greatest common divisor of 74 and g?
37
Suppose 117 = 72*b + 606 - 1785. Suppose n = -4*y + 5*y - 281, -y - 3*n + 273 = 0. What is the highest common factor of y and b?
9
Suppose -o = 2*o - 45. Let t(i) = 13*i - 15 - 14*i + 14*i - i**2 + 12*i. Let u be t(10). Calculate the highest common divisor of u and o.
15
Let b = 18 - 13. Suppose b = -t + 6*t. Let u = 90502 - 90499. Calculate the greatest common divisor of t and u.
1
Let w(s) = 240*s + 15863. Let y be w(-57). Calculate the highest common divisor of 1888 and y.
59
Let x be 1 - 3*(-4)/(-12). Suppose 0 = 5*j + 3*c - 6, -2*j + x*c + c + 9 = 0. Let q = -11 - -47. Calculate the greatest common factor of q and j.
3
Suppose 94*y - 4*y = -2*y + 601312. What is the greatest common divisor of y and 38?
38
Let w(f) be the first derivative of -25*f**2/2 - 40*f - 112. Let a be w(-6). Calculate the greatest common factor of a and 20.
10
Let k(f) = 15*f - 538. Let b be k(38). What is the greatest common divisor of b and 2312?
8
Let n be 3/5*(-495)/(-9). Let x = 195 - n. Calculate the greatest common factor of x and 216.
54
Let g(t) = -2*t**3 + 28*t**2 + 7*t - 10. Let l be g(10). Calculate the highest common divisor of l and 4085.
215
Suppose -18 = 4*z - 5*w, -195*z + 2*w = -198*z + 21. Suppose -8 = -y + 40. Calculate the greatest common divisor of y and z.
3
Let i = 134 - 120. Suppose 0 = -i*h + 204 + 6. Let u be 325/2 + h/(-30). Calculate the greatest common divisor of 108 and u.
54
Let l be 2*(-12)/(-8)*-1. Let p be (-12 - -4)/(l/((-114)/4)). Let t be ((-25)/4)/(19/p). Calculate the highest common divisor of t and 25.
25
Suppose 2*t = 5*s - 2796, 2217 = s + 3*s + 5*t. What is the highest common factor of s and 36?
18
Suppose 5*c - 3365 = -4*i + 766, 2*i - 18 = 0. What is the highest common factor of 1729 and c?
91
Suppose k + 1135 = 3*r - 4*k, 0 = 2*r + 5*k - 740. Suppose 2*a + 80 - 248 = -4*f, -4*a = -5*f - r. What is the greatest common divisor of a and 18?
18
Suppose 0 = -5*n - 15, 123*s - 33739 = 118*s + 8*n. What is the greatest common divisor of s and 11?
11
Suppose -14*g + 3745 = 273. Let z = g - 208. Suppose -l - 3*l + 40 = 0. What is the highest common divisor of z and l?
10
Let x(g) = g**3 - 12*g**2 + 15*g - 25. Let o be x(12). Suppose -o + 55 = m. Let z = -70 - m. Calculate the highest common factor of 15 and z.
15
Let s = -385 + 583. Suppose s = 2*q + 198. Suppose -5*h - 5*p + 445 = q, 2*h + 4*p - 86 = h. Calculate the greatest common divisor of 10 and h.
10
Let w(l) = -14*l + 88. Let v be w(-8). Suppose v + 2635 = 7*z. What is the highest common factor of 15 and z?
15
Let z(h) = 15*h**3 - h**2. Let d be z(1). Let j be 357*(8/(-2))/(-17 - -11). What is the greatest common divisor of j and d?
14
Let p(s) = 61*s**3 - s**2 + 2*s - 2. Let x be p(1). Suppose 24 = 21*a - x. What is the greatest common divisor of a and 20?
4
Suppose n = a + 2218, -n + 0*n + 4*a + 2230 = 0. Calculate the highest common divisor of n and 108.
54
Let k = 134 + -89. Let d = 17555 + -17495. Calculate the highest common divisor of d and k.
15
Suppose -4*a = -c - a + 74, -3*c + 3*a + 222 = 0. Suppose -58 = -3*g + 5. Let q = g - -16. What is the greatest common factor of q and c?
37
Suppose -2*t + 4 = -3*p, 3*t - 2 = 2*t. Let c(a) = -a**2 + a - 221. Let h be c(p). Let g = h - -446. What is the greatest common factor of 9 and g?
9
Let w be 395030/90 - (-34)/(-153). What is the highest common divisor of w and 132?
33
Suppose -2*z - 141 = -143, -5*q + 401 = z. What is the highest common factor of q and 48?
16
Let h = -13240 + 13246. Let v = 0 + -2. Let r be v/(-6)*540/h. What is the greatest common factor of 12 and r?
6
Let d(p) = -p**3 + 11*p**2 - 9*p - 9. Suppose 0 = 5*g - w - 41, -7 + 23 = 4*w. Let h be d(g). What is the greatest common factor of 24 and h?
24
Let d(j) = 2*j**2 - 2*j + 95. Let s be d(-10). Let z(b) = -b**3 + 13*b**2 + 21*b - 8. Let v be z(14). What is the highest common divisor of v and s?
45
Let n(q) = -q**3 - 3*q + 7. Let o be n(0). Suppose 0 = -o*t + 100 - 37. Calculate the highest common factor of 225 and t.
9
Suppose 76 = r - 4*s, -39*r + 191 = -37*r + 5*s. Calculate the greatest common divisor of r and 6776.
88
Suppose -79*i + 3016 = -21*i. Calculate the highest common divisor of i and 403.
13
Let a = -17 + 19. Suppose -a*m = -2*h, 0 = -5*h - m + 10 + 14. Suppose -4*u + 36 = h*z, -3*z + 5 = u - 0*z. What is the greatest common divisor of 220 and u?
11
Suppose 7*s = 3*s + 3*i + 236, -2*i = -8. Suppose -3*v + 103 = -p, 3*v + s = 5*v - 2*p. Calculate the greatest common factor of v and 18.
18
Let s = 3372 + -3313. What is the highest common divisor of s and 649?
59
Let c = 93 - 54. Suppose -28*q + 301 = 9*q - 32. Calculate the greatest common divisor of c and q.
3
Let c be -973*(-13)/(-39) - 2/(-6). Let j = 647 + c. Calculate the greatest common factor of 19 and j.
19
Let v = -16292 - -36992. Calculate the highest common divisor of 180 and v.
180
Let z be (-4)/(1179/810 - 9/6). Calculate the highest common divisor of z and 2130.
30
Suppose 3859 + 3817 = 101*l. Suppose -4*r - 3*a + 1049 = 0, -2*r - 4*a = -2*a - 522. Calculate the highest common factor of r and l.
38
Let k(h) = 9*h**2 + 301*h + 302. Let y be k(-1). Calculate the highest common divisor of y and 90.
10
Let p(n) = 4*n - 2. Let d be p(2). Let a = -91 + 92. Let b(j) = -9*j + 12. Let s be b(a). What is the highest common factor of d and s?
3
Let l be ((-26)/8)/(4/16). Suppose -4*b - 2*w = -w - 52, 0 = -4*b + 4*w + 52. Let i be (-106)/l - -4 - 2/b. Calculate the highest common divisor of 8 and i.
4
Let f be 8*(-6)/(-9)*-21. Let d = 113 + f. Calculate the highest common divisor of d and 11.
1
Let k = 70 + 20. Let b be -3 + -2 + 3/(-1). Let r be (-88)/(-9) - b/36. What is the highest common divisor of k and r?
10
Suppose 12 = -42*m + 45*m, -4404 = -4*w - 5*m. Calculate the greatest common divisor of w and 2.
2
Let q(n) be the first derivative of -15*n**2/2 - 198*n + 38. Let w be q(-14). Calculate the greatest common divisor of 36 and w.
12
Suppose 3*b + 0*x - 5*x - 65 = 0, -101 = -5*b + x. Suppose -51 = -u - 4*s, -37 = -u - 3*s + 10. Calculate the highest common divisor of u and b.
5
Let u = -113 - -254. Let t(d) = -7568*d + 91004. Let h be t(12). Calculate the greatest common divisor of h and u.
47
Let b(i) = 48*i - 384. Let j be b(11). What is the greatest common factor of j and 6624?
144
Let r(c) = c + 16. Let w be r(-8). Let b(x) = -x**3 + 15*x**2 + 18*x - 8. Let i be b(16). Calculate the greatest common factor of w and i.
8
Let k be -32 + (-715)/(-22) + (-47)/(-2). Calculate the greatest common factor of 1592 and k.
8
Let w be (2743/844)/((-1)/(-456)). Calculate the greatest common divisor of w and 2106.
78
Suppose 3*k - 426 = -5*w + 6*k, 0 = -4*w - 3*k + 330. Let o be ((-70)/4)/(-3*7/w). Calculate the highest common divisor of 560 and o.
70
Let b = 91 - 124. Let z = 173 + b. Calculate the greatest common factor of 20 and z.
20
Let q = -215 + 241. Let b be ((-3887)/598)/(2/(392/(-2))). Calculate the highest common divisor of b and q.
13
Let m(x) = -13*x**2 + 1079*x + 131. Let i be m(79). Calculate the greatest common factor of i and 18.
9
Let v(d) = d**2 + 3*d - 4. Let x = 17 + -21. Let h be v(x). Suppose h = -r + y + 15, 0*y = 4*r + 5*y - 15. What is the greatest common divisor of 10 and r?
10
Let p = 36 - 7. Suppose -5*t + 1145 = -5*o, -7*t + 4*t - o + 699 = 0. Calculate the highest common factor of p and t.
29
Suppose 400*a - 3304 - 11186 = 393*a. Calculate the greatest common divisor of a and 990.
90
Le